(-13539)/((-1)/(4 + (-22)/6)) composite?
False
Let y(s) = 293*s**2 + 8*s + 20. Is y(-3) a prime number?
True
Let m(j) = 41*j - 179*j + 1 - 24*j. Is m(-1) a composite number?
False
Let z = 6 + -5. Let u(l) = -l**3 + 2*l**2 + l - 1. Let x be u(2). Is 100 + x/(z/(-3)) a composite number?
False
Let y(i) be the second derivative of 7*i**3 + 55*i**2/2 + 28*i. Is y(17) prime?
True
Let y(n) = -n**3 - n**2 + 14*n + 31. Is y(-19) composite?
False
Let j be (8/6)/((-2)/(-3)). Suppose -j*n = -3*n + 194. Is n a prime number?
False
Let n(g) = -g**2 + 2*g - 22. Let x be n(0). Let c = 27 + x. Suppose -559 = -c*p + 1096. Is p prime?
True
Let b(l) = 12*l**2 - 5*l + 4. Let a be b(-8). Let h = a - 2120. Let z = -869 - h. Is z composite?
False
Let u(n) = n**3 - 11*n**2 - 3*n - 11. Let g = 15 - 3. Is u(g) a prime number?
True
Suppose 5*t = -9*t + 856954. Is t prime?
True
Suppose -118*d = -68*d - 2772650. Is d composite?
True
Let r = 16857 + 4774. Is r prime?
False
Suppose 1 = 2*x - 1, 30336 = m - 5*x. Is m a composite number?
False
Is -6 + (4 + 5 - 3) + 4271 a composite number?
False
Let s be (9/12)/((-4)/(-26864)). Suppose 5*g - 2*a = s, -3*g + 3023 = -2*a + a. Is g composite?
False
Let k(u) = u**3 - 5*u**2 + 3*u. Let l be k(4). Let p = l + -2. Is 73 + p/((-9)/(-3)) a composite number?
False
Let n(j) = -j**3 + 12*j**2 - 51*j - 83. Is n(-31) composite?
False
Suppose -5*x + 1234 = -1206. Suppose 84 + x = 4*z. Suppose -3*v + 4*a + 345 = 0, 0 = -2*v + a + 82 + z. Is v composite?
True
Suppose -5*b - 2345 = 2*f - 0*b, 0 = -2*f - 4*b - 2340. Let p = 633 + f. Let a = -322 - p. Is a prime?
False
Let o(z) = -2*z**3 - 13*z**2 - 9*z + 15. Let r(i) = 0*i**3 + 4*i**2 - 8 + 5*i + 1 + 3*i**2 + i**3. Let q(f) = 6*o(f) + 11*r(f). Is q(0) composite?
False
Let m(q) = -21*q - 8. Let f(u) = 58*u**2 - u. Let x be f(1). Let r be x/(-5) + (-6)/(-15). Is m(r) a composite number?
False
Let c be 5*31/20 + (-1)/(-4). Suppose 1004 = c*t - 68. Is t a composite number?
True
Let k(j) = -2*j**3 + 92*j**2 - 149. Is k(37) a prime number?
False
Let g = -32 - -34. Suppose -t = -3*t + l - 773, 5*t - g*l + 1935 = 0. Let o = -178 - t. Is o a composite number?
False
Let y = -43 + 48. Suppose 0 = y*o + 3*l - 4847, 6*o - 2*l = 4*o + 1926. Is o composite?
False
Suppose 63416 = 4*c - 44316. Is c prime?
False
Let v(r) = -2999*r**3 - 2*r**2 - 5*r - 3. Is v(-1) composite?
False
Let s(u) = 18*u**2 + 6*u + 11. Let r be s(6). Suppose 0 = -0*i + 5*i + r. Let y = i + 296. Is y composite?
False
Let g(y) = -20*y**2 - 3*y. Let q be g(-2). Suppose 4*m + 278 - 466 = 0. Let r = m - q. Is r prime?
False
Let r be (3 - 1 - -2) + -1. Suppose 0 = -j - z + 288, r*j = -5*z + z + 866. Suppose 0*s + 2*s - j = 0. Is s a composite number?
True
Let z(a) = 342*a - 13. Is z(6) composite?
False
Let z = -40715 + 62428. Is z prime?
True
Let f(b) = -b**3 - 4*b**2 - 6*b - 5. Let g be f(-3). Let v be 87/27 - 2/9. Suppose -2*k - 9 = -5*m, -g*m + 3 = -v*m. Is k a composite number?
False
Let m(b) = 157*b + 1. Let v be m(1). Let w = v - 33. Let z = -82 + w. Is z a prime number?
True
Let u(h) be the third derivative of 0*h - h**2 + 0 + 1/60*h**5 + 1/3*h**4 + 3/2*h**3. Is u(-14) prime?
False
Suppose -4*w + 12994 = 2*d, 2*d - w - 6471 - 6508 = 0. Is d composite?
False
Suppose -868 = -4*t - 0*t. Suppose g + 60 = t. Is g composite?
False
Let h = 927 - -103. Let b = 1149 + h. Is b a composite number?
False
Suppose 3670 = 113*l - 111*l. Is l prime?
False
Suppose -32*x - 356075 = -57*x. Is x a composite number?
False
Suppose a + 2*l - 3 = l, 2*l = 8. Let d(w) = 5*w. Let m be d(a). Is (8/m)/(-4)*95 a prime number?
False
Let d(c) = c + 2. Let q be d(4). Let y(a) = -1 - a + 4 + 0*a + q. Is y(-6) prime?
False
Suppose -5*y + 1274 = d, 0*d = -4*d - y + 5039. Is d composite?
False
Suppose 12*z - 8*z + 96 = 0. Is (16/z)/(2/(-1563)) composite?
False
Suppose 5*k - 9*a + 5*a = -2035, a = k + 406. Is 3/((2 - 5)/k) composite?
True
Suppose -4*f + 2*b = 3*b - 1085, -3*f = 2*b - 810. Suppose 3*u - f = 595. Is u prime?
False
Let h be ((-12)/(-14))/(3/14). Suppose 0 = -2*g - h*g + 834. Is g composite?
False
Let m = -7706 - -13615. Is m a prime number?
False
Let i(y) = -28*y**3 + 4*y**2 - 2*y - 2. Let b(k) = 28*k**3 - 4*k**2 + k + 2. Let q(d) = 3*b(d) + 2*i(d). Is q(3) a composite number?
False
Suppose -z + 13145 = 5*j + 4*z, -5262 = -2*j - z. Is j prime?
True
Let i = 5726 - -1557. Is i prime?
True
Suppose -22*r = -46022 - 684. Is r prime?
False
Suppose -1 = -2*v + y, -4*v = y + 3*y - 20. Suppose -v*a + 3 = -o, -3*a + 8 = 3*o - 19. Suppose -2*x + 96 + 17 = -o*n, 3*n + 292 = 5*x. Is x a prime number?
True
Suppose 11*q - 5*q = 1482. Is q a composite number?
True
Let u = -56 - -43. Is (12 + u)*2/((-4)/1262) a prime number?
True
Let p = -11 + 16. Suppose p*t - 9 = 16. Is t/(-10) - 2445/(-6) composite?
True
Suppose -174734 = 21*n - 1038611. Is n a composite number?
True
Suppose 2*n = 5 - 1. Suppose 0 = n*v - 8730 + 916. Is v a prime number?
True
Suppose 5 = -85*l + 86*l. Let w(u) = 4*u**2 - 2*u + 6*u**2 - u**2. Is w(l) prime?
False
Let c = 587 - 1584. Let b be 3/(-5) - (-2)/((-70)/(-48951)). Let w = b + c. Is w a composite number?
False
Let o be (10 + -4)/(-2 - -1). Let w be 0/o + (-174)/(-1). Let t = 301 - w. Is t composite?
False
Let m be -3 - -3 - 16 - -1. Let c = m - -36. Suppose -z + c + 32 = 0. Is z prime?
True
Let r = 24 + -24. Suppose -4*i + r*i = -3*b + 34, -2*b + 4 = 2*i. Is ((-8124)/18)/((-4)/b) a prime number?
True
Let p be (12/2)/(6/4). Suppose 0 = -p*s + 4*v + 3576, 3*v = 4*s + 2*v - 3561. Is s a prime number?
False
Suppose 0 = 51*f - 55*f + 24764. Is f composite?
True
Suppose 43*o + 6534 = 44*o + l, 5*o - l - 32688 = 0. Is o composite?
True
Let a(k) = 9*k**2 + 4*k - 4. Let r be a(7). Suppose 4*n = j - r, n - 2 + 1 = 0. Is j a composite number?
True
Suppose 0 = -53*i - 73834 + 835497. Is i a prime number?
False
Let t = -347 - -14190. Is t a composite number?
True
Let t = 7 - 1. Let g(s) = t*s**3 - 1 - s**2 - 5 + 0*s**3 - 7*s - 8*s**3. Is g(-5) a composite number?
True
Let q be ((-559)/5)/(16/(-80)). Suppose -3*a = -38 - q. Is a composite?
False
Suppose 17 = -0*b + b. Let m = b + -17. Let r(d) = d + 19. Is r(m) a composite number?
False
Let w = 10 - 3. Suppose -15*x + w*x + 11064 = 0. Is x composite?
True
Suppose 0 = 2*k - 17 + 9. Is 1274/k + 2 + 18/(-12) composite?
True
Suppose 0*z = -z - 3*b + 841, -2*b = -3*z + 2567. Is z a composite number?
False
Is 3156582/117 - 10/(-6) composite?
False
Let i(r) = -158*r + 5. Let b be i(-2). Suppose 995 = -2*c + 5*c - 4*v, b = c - 4*v. Is c a composite number?
False
Let m be (12/(-10)*-4)/(20/150). Is (-5)/(90/(-4)) - (-49348)/m prime?
False
Let p(w) = -w**3 - 12*w**2 - 16*w + 30. Let h be p(-11). Let a = h + 64. Is a a composite number?
False
Is 4 + (-8692)/(-4) - -2 composite?
False
Let z(f) = 330*f**2 - 1. Suppose 2 = 4*y + 6. Is z(y) composite?
True
Suppose -6*q - 4*o + 183991 = -16751, 3*o = -2*q + 66914. Is q prime?
True
Let b = 115473 + -53126. Is b composite?
False
Suppose 4387 = a + 5*m, 5*a - 22560 + 567 = 4*m. Is a a composite number?
False
Let i be (-6906)/4*2/(-24)*-8. Is (i/(-1))/(6 + -5) prime?
True
Let i(k) = k + 34. Let v(d) = -d**3 - 10*d**2 - 9*d. Let b be (-3)/4*(-48)/(-4). Let s be v(b). Is i(s) a composite number?
True
Suppose 3 = -4*j + 23. Suppose -2108 = -j*r - 4*i, -r + 6*r + i = 2117. Suppose -1616 = -4*n - r. Is n a prime number?
False
Let g(l) = -207*l + 1. Let j be (-20)/2*1/2. Let s be g(j). Suppose 0 = 2*i - 6*i + s. Is i a composite number?
True
Let r(m) = 2*m + 584 - m + 155 - 2*m. Is r(0) a composite number?
False
Suppose -6*v - 4197 = 3*z - 68316, v = 3*z - 64133. Is z composite?
False
Let y(a) be the third derivative of 0 + 5/3*a**3 + 3*a**2 - 1/24*a**4 + 0*a + 1/60*a**6 - 1/5*a**5. Is y(9) a prime number?
True
Suppose 0 = 3*b + 8*o - 7*o - 1347, -2*b = 2*o - 898. Is b prime?
True
Suppose 2*d - 7*d = -7090. Suppose 0 = b + b - d. Is b prime?
True
Suppose 16097 = -41*b + 42706. Is b composite?
True
Let x(i) = -i**3 + 15*i**2 + 15*i + 19. Let p be x(16). Is (0 - (-709)/3)*p composite?
False
Let z = 922 - -3861. Is z a composite number?
False
Suppose -k - 62699 = -5*z, 0*z + 3*z - 37605 = -3*k. Is z composite?
False
Let b(g) = 3*g**3 - g**2 + 2*g - 2. Let u be b(1). Is u/(4 + 19158/(-4791)